7*w**2 + 29*w - 16. Determine s(6).
-22
Let s(m) = -29*m + 32. What is s(-2)?
90
Let b(k) = -3*k**3 - 107*k**2 + 327*k - 2. What is b(3)?
-65
Let a(v) = -2*v**2 + 11*v + 27. Calculate a(-5).
-78
Let o(h) = -62*h - 2375. What is o(-39)?
43
Let j(n) = -2*n**2 + 159*n + 6952. Calculate j(111).
-41
Let y(b) = -b**3 - 43*b**2 - 125*b - 207. Give y(-40).
-7
Let s(t) = -481*t - 2008. Calculate s(-4).
-84
Let s(y) = 143*y - 561. Give s(5).
154
Let j(i) = -i**3 - 2*i**2 - 16*i + 54. Calculate j(3).
-39
Let a(m) = 5234*m + 183192. Determine a(-35).
2
Let o(s) = -15*s**2 + 20*s + 21. Give o(2).
1
Let f(q) = -256*q - 2394. Calculate f(-10).
166
Let g(x) = 5*x + 22. What is g(0)?
22
Let o(c) = -c**3 - 8*c**2 + 20*c - 17. Determine o(-10).
-17
Let z(d) = -60*d - 9. Calculate z(-2).
111
Let s(o) = 746*o - 1543. Determine s(2).
-51
Let m(d) = 53*d - 18. Calculate m(4).
194
Let w(a) = -2*a**3 + 10*a**2 + a + 32. What is w(8)?
-344
Let l(x) = x**2 - 37*x + 98. Calculate l(22).
-232
Let h(c) = 279*c + 1131. Give h(-4).
15
Let d(f) = f**2 - 662*f - 6711. Determine d(-10).
9
Let z(f) = f - 215. Give z(29).
-186
Let w(j) = 120*j + 528. Calculate w(-6).
-192
Let z(h) = 47*h + 1244. Calculate z(-27).
-25
Let m(t) = -t**2 - 17*t + 114. Calculate m(-30).
-276
Let c(q) = q**3 + 28*q**2 - 84*q - 400. Calculate c(-30).
320
Let v(m) = -16*m - 138. What is v(-9)?
6
Let j(z) = -z**3 + 11*z**2 - 25*z + 262. What is j(11)?
-13
Let x(s) = 115*s**2 + 11*s - 1. What is x(1)?
125
Let g(n) = -24*n + 376. Determine g(18).
-56
Let k(h) = -h**3 - 12*h**2 + 20*h + 261. Determine k(-13).
170
Let b(i) = i - 23. Give b(0).
-23
Let x(f) = -12*f + 466. Determine x(38).
10
Let k(t) = 1242*t + 155242. Give k(-125).
-8
Let p(m) = -16*m + 109. Give p(6).
13
Let v(x) = x**3 + 4*x**2 - 199*x - 973. Determine v(-5).
-3
Let m(x) = -2238*x - 13324. Give m(-6).
104
Let i(b) = -1621*b - 1636. Calculate i(-1).
-15
Let p(a) = 17*a**3 - 751*a**2 + 129*a + 132. What is p(44)?
0
Let x(l) = -5*l**3 - 7*l**2 + 5*l. Give x(-3).
57
Let u(g) = 2*g**3 - 23*g**2 - 32*g - 25. What is u(13)?
66
Let r(d) = -d**2 - 12*d + 1. Determine r(-3).
28
Let u(l) = l**3 + 15*l**2 + 19*l - 23. Calculate u(-14).
-93
Let t(r) = 3*r + 38. Give t(-12).
2
Let d(k) = -86*k - 5. Give d(3).
-263
Let s(i) = 37*i**3 - 2*i**2 + 11*i - 24. Give s(2).
286
Let g(l) = -l**3 + 46*l**2 - 316*l + 14559. Determine g(46).
23
Let o(v) = -89*v - 10682. Determine o(-120).
-2
Let b(s) = 170*s + 3642. What is b(-22)?
-98
Let r(p) = 28022*p + 252194. Give r(-9).
-4
Let j(y) = -47*y - 89. What is j(-2)?
5
Let c(j) = -j**2 + 43*j - 315. What is c(22)?
147
Let b(c) = 4307*c + 2. Calculate b(0).
2
Let b(v) = -v**3 - 53*v**2 - 113*v - 583. Determine b(-51).
-22
Let c(l) = 75*l**2 + 272*l + 9. Give c(-4).
121
Let n(b) = -7207*b + 36029. Give n(5).
-6
Let t(i) = -19*i**3 + 10*i**2 + 9*i - 6. Determine t(3).
-402
Let a(i) = i**3 - 28*i**2 + 25*i - 1580. Give a(29).
-14
Let p(j) = 9*j**2 + 77*j + 151. Determine p(-6).
13
Let x(a) = a**2 - 424*a - 15077. Calculate x(-33).
4
Let u(o) = -20*o**2 + 19*o + 126. Determine u(-6).
-708
Let t(m) = m**3 + 24*m**2 - 21*m - 60. Determine t(-25).
-160
Let n(q) = q**2 + 31*q - 52. What is n(10)?
358
Let x(i) = 983*i - 2942. Calculate x(3).
7
Let r(u) = -16*u + 458. Calculate r(6).
362
Let s(o) = -3*o**2 - 3*o + 36. Calculate s(3).
0
Let u(a) = -1916*a + 11477. Determine u(6).
-19
Let a(i) = -6*i**2 + 511*i + 77. What is a(85)?
162
Let y(h) = -107*h + 220. Determine y(4).
-208
Let t(l) = -41*l - 30. Calculate t(-2).
52
Let k(s) = -s**3 - 12*s**2 - 14*s + 131. Give k(-9).
14
Let u(g) = 3105*g + 9312. What is u(-3)?
-3
Let n(x) = 9*x + 896. Calculate n(-99).
5
Let v(h) = -13*h**2 + 153*h + 9. Give v(12).
-27
Let v(s) = -s**2 + 207*s - 1763. Give v(9).
19
Let i(u) = u**3 - 2*u**2 - 67*u - 133. What is i(10)?
-3
Let m(q) = -334*q + 1010. Determine m(4).
-326
Let b(o) = -o**3 + 36*o**2 + 100*o + 11. Determine b(39).
-652
Let w(r) = -r**3 - 24*r**2 - r - 82. What is w(-24)?
-58
Let q(b) = -4*b**2 - 8*b - 6. Determine q(5).
-146
Let b(c) = c**3 - 88*c**2 + 346*c - 22534. Calculate b(87).
-1
Let p(c) = -179*c - 8679. Give p(-48).
-87
Let d(n) = n**2 - 228*n + 8377. Calculate d(46).
5
Let m(s) = -75*s + 1459. Calculate m(19).
34
Let b(m) = 8*m**2 + 153*m - 1638. Give b(10).
692
Let o(v) = -2*v + 127. What is o(32)?
63
Let g(n) = -n**2 - 14*n - 16. Give g(6).
-136
Let z(q) = -8*q - 134. Give z(-24).
58
Let v(h) = h**3 - 49*h**2 - 9*h + 450. What is v(49)?
9
Let x(u) = -7*u**2 - 534*u - 131. What is x(-76)?
21
Let w(b) = 2*b**2 - 8*b + 105. What is w(0)?
105
Let z(o) = 4*o**3 - 28*o**2 + 7*o + 20. Give z(1).
3
Let h(x) = 4*x**2 - 117*x + 15. Determine h(0).
15
Let h(a) = 4*a**2 - 30*a - 11. Give h(7).
-25
Let a(g) = g**3 + 102*g**2 + 839*g + 197. Give a(-93).
11
Let k(b) = -5503*b - 27513. Give k(-5).
2
Let y(o) = -4*o**3 + 108*o - 109. Give y(1).
-5
Let r(u) = -u**3 - 34*u**2 + 521*u + 1147. What is r(-45)?
-23
Let l(g) = 54*g + 471. Calculate l(-9).
-15
Let j(u) = 36*u - 1101. Determine j(31).
15
Let x(l) = 48*l + 257. Give x(-6).
-31
Let f(v) = 11*v**2 + 349*v + 870. Determine f(-29).
0
Let d(f) = 3*f**3 - 7*f**2 + 4*f - 8. What is d(4)?
88
Let p(n) = n**3 + 19*n**2 - 122*n - 47. What is p(-24)?
1
Let v(d) = -d**2 + 74*d - 1048. Give v(55).
-3
Let u(h) = -h**2 - 30*h - 20. Determine u(-30).
-20
Let u(p) = -150*p - 1416. What is u(-9)?
-66
Let d(a) = 13*a - 68. What is d(-7)?
-159
Let b(q) = -12*q**2 + 246*q + 246. What is b(-1)?
-12
Let d(b) = 17*b**2 - 85*b - 84. Calculate d(-1).
18
Let f(q) = 5*q**3 + 178*q**2 + 104*q - 45. What is f(-35)?
-10
Let a(g) = 13*g - 334. Give a(28).
30
Let w(j) = 136*j + 2962. Determine w(-21).
106
Let g(q) = -19*q - 50. Determine g(-2).
-12
Let y(v) = -22*v + 306. What is y(14)?
-2
Let f(l) = 2*l**3 - 22*l**2 + 15*l - 476. What is f(12)?
-8
Let y(x) = x**2 - 9*x - 272. Determine y(22).
14
Let b(x) = x**3 - 12*x**2 + 12*x + 3. What is b(8)?
-157
Let d(j) = -16*j**2 + 27*j + 146. Give d(-2).
28
Let h(t) = 69*t - 852. Calculate h(6).
-438
Let r(v) = -3*v**2 - 77*v + 131. Give r(-27).
23
Let v(c) = -c**3 - 20*c**2 + 35*c + 294. What is v(-21)?
0
Let w(b) = b**2 + 35*b + 268. Determine w(-9).
34
Let v(l) = l**2 - 56*l - 972. Determine v(-14).
8
Let m(o) = -4*o - 458. Determine m(-38).
-306
Let k(u) = -2*u**2 + 34*u - 83. Determine k(14).
1
Let p(f) = f**2 - 50*f - 1203. Give p(68).
21
Let r(n) = n**3 + 88*n**2 + 114*n - 4980. What is r(-86)?
8
Let b(w) = 108*w + 2072. Give b(-19).
20
Let l(x) = -7*x**2 + 1725*x + 4479. Calculate l(249).
-3
Let q(y) = y**3 - 10*y**2 + 91*y - 610. Give q(8).
-10
Let b(l) = -2*l**3 + 11*l**2 - 22*l. Determine b(4).
-40
Let h(w) = -6745*w - 13486. Determine h(-2).
4
Let j(q) = -2801*q + 19611. What is j(7)?
4
Let f(i) = 3*i**2 + 95*i - 145. Calculate f(-31).
-207
Let r(l) = 2*l**3 - 31*l**2 + 62*l + 31. What is r(13)?
-8
Let u(x) = -728*x - 44426. Give u(-61).
-18
Let j(c) = 2*c**2 - 694*c + 59522. Determine j(155).
2
Let s(i) = -1157*i - 12727. Calculate s(-11).
0
Let y(s) = 773*s - 2298. Determine y(3).
21
Let p(b) = -b**2 - 393*b + 5286. What is p(-406)?
8
Let m(x) = -2*x + 108. What is m(22)?
64
Let d(n) = -8*n + 64. What is d(19)?
-88
Let t(g) = -1876*g + 13149. Give t(7).
17
Let l(c) = -14*c**3 - c**2 + 3*c + 6. Calculate l(-2).
108
Let o(j) = j**3 + 18*j**2 + 21*j - 238. Give o(-15).
122
Let b(m) = -m**2 - 183*m + 1103. Calculate b(6).
-31
Let q(v) = -v**3 - 14*v**2 + 25*v + 143. Determine q(-15).
-7
Let l(x) = -3351*x - 53600. Determine l(-16).
16
Let g(p) = -10*p**3 + 13*p**2 - 124*p + 242. Give g(2).
-34
Let n(a) = -225*a - 41. Calculate n(1).
-266
Let y(r) = -435*r + 4803. Determine y(11).
18
Let d(r) = 27*r**2 - 85*r - 360. Give d(-4).
412
Let x(v) = -v**3 + 52*v**2 + 543*v + 361. Calculate x(61).
-5
Let z(o) = -o**3 + 24*o**2 + 133*o - 9. What is z(-5)?
51
Let z(t) = 5*t**2 + 7*t - 1. Give z(2).
33
Let w(z) = z**3 - 4*z**2 - 18*z - 26. Calculate w(-6).
-278
Let g(j) = 2*j**2 - 22*j + 55. Calculate g(7).
-1
Let i(t) = -133*t + 696. Determine i(5).
31
Let y(p) = -p**3 + 40*p**2 - 341*p + 29. Determine y(12).
-31
Let f(w) = -2*w**2 - 84*w + 931. What is f(-51)?
13
Let f(i) = -i**3 + 13*i**2 + i - 6. Give f(13).
7
Let a(s) = s**2 + 36*s - 1107. What is a(-56)?
13
L